2*d + 6. Let h(z) = -z + 1. Let n be h(-3). Suppose -n*f + 32 = -88. Let v be ((-2)/(-6))/((-2)/f). Calculate l(v).
-9
Let l be ((-99)/6 - -3)*14/(-21). Let d(u) be the first derivative of -u**4/4 + 8*u**3/3 + 5*u**2 - u - 6. Give d(l).
8
Let b(f) be the first derivative of 2*f**3/3 - f - 115. Let k(c) = c + 3. Let r be k(-3). Suppose r = -4*g - 4. Give b(g).
1
Let r(a) = -2*a**2 - 2*a**2 + 6*a + 6*a**2 - a**3 - 1. Let u(o) be the first derivative of o**3/3 - 7*o**2 + 52*o + 5. Let n be u(8). What is r(n)?
-9
Let i = -421 - -435. Let n(q) = q - 17. What is n(i)?
-3
Suppose -7*r + 3*r = -4. Let u be (2 + 3 + r)/2. Suppose 4 + 5 = u*x. Let l(t) = t**2 - 3*t + 4. Determine l(x).
4
Let q(j) = 3*j**2 + 0*j**2 - 3*j + j**2 + 2*j - 1. Give q(-1).
4
Let f(x) = -x**3 + 12*x**2 - x + 7. Suppose 2 = 6*d - 70. Calculate f(d).
-5
Let h(t) be the first derivative of t**2/2 + 17*t + 29. Calculate h(-11).
6
Let o(i) be the first derivative of -1 + 2*i**3 - 1/4*i**4 - i - 3/2*i**2. Give o(5).
9
Suppose -o - 1 = -2*k - 0*k, -5*o - 21 = -2*k. Let p = k + 3. Let q(t) = 10*t. Give q(p).
10
Let l be (16/((-352)/33))/((-1)/(-2)). Let o(y) = 4*y + 5. What is o(l)?
-7
Let b be 16 + 6/(-2 + 0). Let i = b + -12. Let x(r) = 0*r**3 + r**3 - 2*r**3 + 0*r**3. Give x(i).
-1
Let s = 72 + -70. Let h(i) = -3*i + i - s*i + 2*i. Calculate h(-2).
4
Let i(c) = 4*c**2 - 5*c + 3. Let q(f) = 1. Let w(s) = -i(s) - q(s). Let k(h) = 8*h**2 - 11*h + 9. Let o(u) = -3*k(u) - 7*w(u). Determine o(1).
3
Suppose 78*z - 66*z + 12 = 0. Let o(l) = -12*l**3 - 2*l**2 - 2*l - 1. What is o(z)?
11
Let x = -10 - -12. Let g(a) = 1 - 5*a + 3*a + a**2 + x*a - 3*a. Let q = 9 + -6. Calculate g(q).
1
Let j(z) = z**3 - 4*z**2 - z + 3. Let x be 3*18/(-3)*(-12)/54. What is j(x)?
-1
Let g(n) be the first derivative of -3/2*n**2 + 1/4*n**4 + 20 + 2*n + 1/3*n**3. Determine g(2).
8
Let r(f) = f**2 - 1. Let a(q) = -3*q**2 - 11*q + 8. Let n(c) = a(c) + 4*r(c). Let d be n(10). Let b(x) = -x**2 - 7*x + 1. Determine b(d).
7
Suppose -9*j = 14 - 59. Let h(s) = s**2 - 8*s - 4. Determine h(j).
-19
Let w(i) = 6*i**2. Let o(t) = t**3 + t**2 + t. Let d = -23 + 23. Let r be o(d). Suppose -4*s + r*s + 4 = 0. Give w(s).
6
Let s be -20*6/36*(-3)/2. Suppose 5*p - o + 2*o = -29, -5*o = -s*p - 5. Let u(l) = l**3 + 6*l**2 + 4*l + 2. What is u(p)?
7
Let x = 15 + -8. Suppose -x*v - 14 = -2*v + 2*p, -v + 8 = -5*p. Let g(k) = -15*k**2 - 14*k**2 - 2*k + 26*k**2. Give g(v).
-8
Suppose -12*l - 16 = -4*f - 11*l, -16 = -4*f - 4*l. Let y(w) = w**2 - w + 3. Let g(u) = -u**2 - 2. Let z(j) = -3*g(j) - 2*y(j). What is z(f)?
24
Let f(d) = -d + 9. Let l be 3/(-6)*6 + 7 - 4. What is f(l)?
9
Let c = -42 + 44. Let h(s) = -150*s - s**2 - 4 + 153*s + c*s**2. Calculate h(-5).
6
Let i(j) = -4*j - 4*j + 21 + 3*j - 30. Give i(-6).
21
Let s(j) = j - 14. Let f = -12 - -22. Let d be s(f). Let r(u) be the third derivative of -u**6/120 - u**5/15 + 5*u**3/6 - u**2. Determine r(d).
5
Let y(b) = 4*b + 5. Let l be 1/((-35)/(-15)) + (-85)/35. Calculate y(l).
-3
Let n(j) = j**3 + 2*j**2 - 2*j - 1. Let m = 9 + -16. Let r(u) = -u**3 - 6*u**2 + 5*u - 17. Let s be r(m). Calculate n(s).
-4
Let w(y) = -10*y + 7. Let i be w(0). Let o(l) = l**2 - 8*l - 6. Give o(i).
-13
Let u = 86 - 84. Let k(z) = 7*z**u + 7 - 7*z - 2 - 6*z**2. What is k(5)?
-5
Let z(t) be the third derivative of -t**5/30 - t**4/12 + t**3/6 - 9*t**2. What is z(2)?
-11
Let s(g) be the third derivative of -g**5/60 - 5*g**4/24 - 2*g**3/3 + g**2. Let f(i) = i - 42. Let j be f(18). Let d = j + 20. Give s(d).
0
Let o(q) = -11*q**2 + 3. Let u(p) = 17*p**2 - 4. Let a(z) = 3*o(z) + 2*u(z). Give a(4).
17
Let z(y) be the third derivative of y**4/24 - y**3/3 + 335*y**2. What is z(2)?
0
Let j(r) = 8*r**2 - 5*r + 7 - r - 36 + 30 - r**3. Calculate j(7).
8
Let x(o) = o**3 + 18*o**2 + 32*o + 7. Let r be x(-16). Let k(f) = f**3 - 8*f**2 + 7*f - 3. What is k(r)?
-3
Let g(k) = 2*k - 20 - 7 + 48 - 23 + 5*k**2 - 3*k. What is g(3)?
40
Let t(o) = 11*o**2 - o. Suppose r + 7 = -4*d, -4*d - 21 = -5*r + 16. Suppose 5*l - 10 = 5*u, 4*u - r + 16 = 5*l. Give t(u).
10
Let x = -1692 - -1691. Let g(o) = 6*o**3 + 3*o**2 + o - 1. Give g(x).
-5
Let s(q) = -q**2 + 3*q. Suppose 0 = 2*m - 3*k - 22, 17*m = 16*m - 5*k - 15. Give s(m).
-10
Let h(r) = -9*r + 4. Let j(v) = -v**3 - 7*v**2 + 10*v + 12. Let f be j(-8). Let g(s) = -30 - 24 + 125*s - 1. Let x(a) = f*g(a) - 55*h(a). Calculate x(1).
-5
Let u(l) = -4*l**2 + 3*l + 1. Let s(h) = -3*h**2 + 3*h. Let g(v) = -5*s(v) + 4*u(v). Suppose -4 = 2*i + 2. Determine g(i).
4
Suppose -r + 4*p = 4, p + 3 = -2*r - 5. Let j(i) = -i**3 - 3*i**2 + 7*i + 10. Let w be j(r). Let c(n) = 2*n**2 + n. What is c(w)?
6
Let b be 2/12 + 4 + (-1647)/162. Let i(p) = p - 1. Let c(y) = 7*y - 1. Let t(s) = c(s) - 6*i(s). Calculate t(b).
-1
Let h(u) be the second derivative of -u**5/20 + u**4/3 + 2*u**3/3 - u**2 - 3*u. Let p = -1257 - -1262. Determine h(p).
-7
Let f = 4 + -2. Suppose -5*z = -f*z - 6. Suppose -z*j - 4 = 4. Let l(n) = n**3 + 4*n**2 - n - 1. Calculate l(j).
3
Suppose 3*m = 5*a + 20, -2*a = 3*a + 3*m - 10. Let q(d) be the first derivative of 7*d**3/3 - d**2/2 - d - 12. What is q(a)?
7
Let q(h) be the first derivative of -h**3/6 + 3*h**2 + 7*h + 25. Let j(g) be the first derivative of q(g). Determine j(5).
1
Let o = 3 + 0. Suppose 5 = -o*k - 10. Let s(u) be the second derivative of -u**5/20 - 5*u**4/12 - u**3/3 - 3*u**2/2 + 2*u. Calculate s(k).
7
Let v(y) = 24*y + 9. Let f(m) = 12*m + 4. Let a(n) = 7*f(n) - 3*v(n). Let l(r) = 23*r + 2. Let o(z) = -11*a(z) + 6*l(z). Give o(4).
25
Let h = -21 - -26. Suppose 2*a = -u - u - 6, 5*a - h*u = -15. Let z(k) = 3*k + 3. Determine z(a).
-6
Let q(p) = -3*p**3 + 17*p**2 - 17*p - 11. Let v(k) = -k**3 + 9*k**2 - 7*k - 5. Let s(x) = 2*q(x) - 5*v(x). Determine s(-11).
-8
Let p = 193 - 202. Let d(y) = y**2 + 8*y - 6. Determine d(p).
3
Let c(i) = 10*i - 21 - i**2 + 18 - 3 + 2. Calculate c(10).
-4
Let u(j) be the second derivative of -j**4/12 + 5*j**3/6 - 3*j**2/2 - 49*j. What is u(2)?
3
Suppose -67*s + 59*s = -48. Let o(d) = -d**3 + 8*d**2 - 12*d + 3. Calculate o(s).
3
Let o(m) = m - 10. Let y be o(7). Let g(q) = -q**3 - 2*q**2 + q - 1. Let z be g(y). Suppose -2*n - 1 = z*c - 7, 6 = 3*c + 2*n. Let d(v) = -v - 2. Give d(c).
-2
Let w(h) = h**3 - 14*h**2 + 9*h + 54. Let p be w(13). Suppose -o + 1 = -m, -5*o + m = -p*o - 9. Let d(v) = -v**2 + 2*v + 3. Calculate d(o).
-5
Suppose -4*b - 2 = -2*w, -4*w = 2*b - 0 - 4. Let z(u) = u + 3 + 6*u - 2*u**2 + 3*u**2 + w. Determine z(-8).
12
Let z(f) = 2*f**2 + 10*f. Let i(u) = -u. Let b(s) = 2*s**2 - 2*s - 1. Let n be b(1). Let y(c) = n*z(c) - 10*i(c). Determine y(1).
-2
Let k(s) = -4*s**3 - 19*s**2 + 8*s + 2. Let g(m) = -5*m**3 - 20*m**2 + 7*m + 3. Let z(y) = -5*g(y) + 6*k(y). Give z(13).
-3
Let i(q) be the third derivative of q**6/720 + q**5/30 + 5*q**4/12 + 4*q**2. Let a(x) be the second derivative of i(x). Calculate a(-8).
-4
Let n(o) = -5*o + 5 - 6*o**2 - o**3 + 5*o + 2*o. Let g be 9 + -14 + 8 + -9. Determine n(g).
-7
Let z = 96 - 93. Suppose 16 = 5*a + 3*j, a + z*j + 0 = -4. Let v(i) = -i**3 + 5*i**2 + 3*i + 1. Determine v(a).
16
Let l(t) = 3*t**2 - 52*t - 39. Let x be l(18). Let j(d) = d**3 + 7*d**2 + 10*d - 1. Give j(x).
5
Let h(o) = 4*o - 8. Let i(u) = 6*u - 12. Let x(z) = -8*h(z) + 5*i(z). Let y = -29 + 32. What is x(y)?
-2
Let x = 122 - 133. Let p(l) = l + 14. What is p(x)?
3
Let q(d) be the first derivative of -d**4/6 - 2*d - 3. Let o(a) be the first derivative of q(a). Let b be (-3)/((3/(-2))/(-1)). Determine o(b).
-8
Let a(b) = b**2 + 7*b - 3. Let i be (-39)/5 + 3/(-30)*2. Let r be a(i). Let x(k) = -k**2 + 7*k. What is x(r)?
10
Let j(o) = 2*o**2 - 5*o + 30*o**3 + 3 - 29*o**3 + o. What is j(2)?
11
Let w(u) = 5*u**3 + 6*u**2 - 5. Let i(a) = 8*a**3 + 13*a**2 - 9. Let p(x) = -3*i(x) + 5*w(x). Suppose -26 = -3*q + 1. What is p(q)?
2
Let c be 3 + 2 - 1/(6/30). Let f(l) = -2*l - 47. Determine f(c).
-47
Suppose -f + 3*s = -2, -5*f = 3*s - 0*s + 44. Let d = 5 + f. Let p(q) = -q**2 + 1. Calculate p(d).
-3
Let t(l) = -7*l**2 - 11*l + 4. Let o(v) = -15*v**2 - 23*v + 9. Let a(w) = -6*o(w) + 13*t(w). Let d = -13 - -14. Let f be d/((-1)/(-6) + (-2)/4). Determine a(f).
4
Let f be 26/3 - -3*10/(-45). Let b(u) = -7 + 3*u**2 - 11*u + f*u + 3. What is b(3)?
14